{"id":570,"date":"2013-02-14T20:22:26","date_gmt":"2013-02-14T20:22:26","guid":{"rendered":"http:\/\/www.siggibecker.de\/noj923yeah\/?page_id=570"},"modified":"2023-03-04T15:14:52","modified_gmt":"2023-03-04T15:14:52","slug":"kommentare","status":"publish","type":"page","link":"https:\/\/www.siggibecker.de\/noj923yeah\/kommentare\/","title":{"rendered":"Kommentare"},"content":{"rendered":"\t\t<div data-elementor-type=\"wp-post\" data-elementor-id=\"570\" class=\"elementor elementor-570\" data-elementor-post-type=\"page\">\n\t\t\t\t\t\t<section class=\"elementor-section elementor-top-section elementor-element elementor-element-qgxrnfl elementor-section-boxed elementor-section-height-default elementor-section-height-default\" data-id=\"qgxrnfl\" data-element_type=\"section\" data-e-type=\"section\">\n\t\t\t\t\t\t<div class=\"elementor-container elementor-column-gap-default\">\n\t\t\t\t\t<div class=\"elementor-column elementor-col-100 elementor-top-column elementor-element elementor-element-rsmjbvi\" data-id=\"rsmjbvi\" data-element_type=\"column\" data-e-type=\"column\">\n\t\t\t<div class=\"elementor-widget-wrap elementor-element-populated\">\n\t\t\t\t\t\t<div class=\"elementor-element elementor-element-djoursl elementor-widget elementor-widget-text-editor\" data-id=\"djoursl\" data-element_type=\"widget\" data-e-type=\"widget\" data-widget_type=\"text-editor.default\">\n\t\t\t\t<div class=\"elementor-widget-container\">\n\t\t\t\t\t\t\t\t\t<p>Ich habe im Februar 2013 die Kommentare abgestellt. Begr\u00fcndung hier:<\/p><p><a href=\"https:\/\/www.siggibecker.de\/noj923yeah\/2013\/02\/11\/veranderung\/\">Die Ver\u00e4nderung!<\/a><\/p><p>Wer dennoch seine Tastatur bem\u00fchen m\u00f6chte, weil <a href=\"http:\/\/xkcd.com\/386\/\">jemand in diesem Internet unrecht hat<\/a>, m\u00f6ge das woanders tun (FB, G+, Twitter, Mail, etcpp) oder sogar im eigenen Blog eine verdammt ausget\u00fcftelte Replik komponieren. Wer zu all dem nicht in der Lage ist, sollte in sich gehen und sich fragen was in dem Bild nicht stimmt.<\/p>\t\t\t\t\t\t\t\t<\/div>\n\t\t\t\t<\/div>\n\t\t\t\t<div class=\"elementor-element elementor-element-6b45665 elementor-widget elementor-widget-text-editor\" data-id=\"6b45665\" data-element_type=\"widget\" data-e-type=\"widget\" data-widget_type=\"text-editor.default\">\n\t\t\t\t<div class=\"elementor-widget-container\">\n\t\t\t\t\t\t\t\t\t<p>The Times They Are a-Changin&#8216;: Hin und wieder mache ich zu speziellen Postings seit ein paar Jahren wieder die Kommentare auf. Transparenz und so, statt Diskussionen hinter verschlossenen T\u00fcren.<\/p>\t\t\t\t\t\t\t\t<\/div>\n\t\t\t\t<\/div>\n\t\t\t\t<div class=\"elementor-element elementor-element-f5bc662 elementor-widget elementor-widget-text-editor\" data-id=\"f5bc662\" data-element_type=\"widget\" data-e-type=\"widget\" data-widget_type=\"text-editor.default\">\n\t\t\t\t<div class=\"elementor-widget-container\">\n\t\t\t\t\t\t\t\t\t<p>Eine weitere Ver\u00e4nderung am 4.3.23:<br \/>Ich habe die Kommentare bei einer gr\u00f6\u00dferen Anzahl von Postings wieder ge\u00f6ffnet, weil seit gestern das von Meta trainierte LLM LLaMA in einem torrent geleakt wurde. Ich will beobachten wann die ersten intelligenten Spam-Kommentare erscheinen und ob sie personalisiert auf den Inhalt sein werden. Wenn LLaMA ungef\u00e4hr die H\u00f6he von GPT-3 hat, dann erwarte ich auch eine zunehmende Intelligenz der Spam-Kommentare. Bin gespannt wie ein Flitzebogen. IQ-Honeypot er\u00f6ffnet!<\/p>\t\t\t\t\t\t\t\t<\/div>\n\t\t\t\t<\/div>\n\t\t\t\t\t<\/div>\n\t\t<\/div>\n\t\t\t\t\t<\/div>\n\t\t<\/section>\n\t\t\t\t<section class=\"elementor-section elementor-top-section elementor-element elementor-element-oqpvgtb elementor-section-boxed elementor-section-height-default elementor-section-height-default\" data-id=\"oqpvgtb\" data-element_type=\"section\" data-e-type=\"section\">\n\t\t\t\t\t\t<div class=\"elementor-container elementor-column-gap-default\">\n\t\t\t\t\t<div class=\"elementor-column elementor-col-100 elementor-top-column elementor-element elementor-element-swhvfjv\" data-id=\"swhvfjv\" data-element_type=\"column\" data-e-type=\"column\">\n\t\t\t<div class=\"elementor-widget-wrap elementor-element-populated\">\n\t\t\t\t\t\t<div class=\"elementor-element elementor-element-jlfxfpn elementor-posts--align-center elementor-grid-3 elementor-grid-tablet-2 elementor-grid-mobile-1 elementor-posts--thumbnail-top elementor-widget elementor-widget-posts\" data-id=\"jlfxfpn\" data-element_type=\"widget\" data-e-type=\"widget\" data-settings=\"{&quot;classic_row_gap&quot;:{&quot;unit&quot;:&quot;px&quot;,&quot;size&quot;:&quot;32&quot;,&quot;sizes&quot;:[]},&quot;classic_columns&quot;:&quot;3&quot;,&quot;classic_columns_tablet&quot;:&quot;2&quot;,&quot;classic_columns_mobile&quot;:&quot;1&quot;,&quot;classic_row_gap_tablet&quot;:{&quot;unit&quot;:&quot;px&quot;,&quot;size&quot;:&quot;&quot;,&quot;sizes&quot;:[]},&quot;classic_row_gap_mobile&quot;:{&quot;unit&quot;:&quot;px&quot;,&quot;size&quot;:&quot;&quot;,&quot;sizes&quot;:[]}}\" data-widget_type=\"posts.classic\">\n\t\t\t\t<div class=\"elementor-widget-container\">\n\t\t\t\t\t\t\t<div class=\"elementor-posts-container elementor-posts elementor-posts--skin-classic elementor-grid\" role=\"list\">\n\t\t\t\t<article class=\"elementor-post elementor-grid-item post-2925 post type-post status-publish format-standard hentry category-allgemein\" role=\"listitem\">\n\t\t\t\t<div class=\"elementor-post__text\">\n\t\t\t\t<h3 class=\"elementor-post__title\">\n\t\t\t<a href=\"https:\/\/www.siggibecker.de\/noj923yeah\/2026\/05\/01\/wabi-sabi%c2%b2\/\" >\n\t\t\t\tWabi Sabi\u00b2\t\t\t<\/a>\n\t\t<\/h3>\n\t\t\t\t<div class=\"elementor-post__meta-data\">\n\t\t\t\t\t<span class=\"elementor-post-date\">\n\t\t\t1. Mai 2026\t\t<\/span>\n\t\t\t\t<\/div>\n\t\t\n\t\t<a class=\"elementor-post__read-more\" href=\"https:\/\/www.siggibecker.de\/noj923yeah\/2026\/05\/01\/wabi-sabi%c2%b2\/\" aria-label=\"Mehr \u00fcber Wabi Sabi\u00b2\" tabindex=\"-1\" >\n\t\t\tWeiterlesen \u00bb\t\t<\/a>\n\n\t\t\t\t<\/div>\n\t\t\t\t<\/article>\n\t\t\t\t<article class=\"elementor-post elementor-grid-item post-2923 post type-post status-publish format-standard hentry category-allgemein\" role=\"listitem\">\n\t\t\t\t<div class=\"elementor-post__text\">\n\t\t\t\t<h3 class=\"elementor-post__title\">\n\t\t\t<a href=\"https:\/\/www.siggibecker.de\/noj923yeah\/2026\/04\/30\/revolutionaere-veraenderungen\/\" >\n\t\t\t\tRevolution\u00e4re Ver\u00e4nderungen\t\t\t<\/a>\n\t\t<\/h3>\n\t\t\t\t<div class=\"elementor-post__meta-data\">\n\t\t\t\t\t<span class=\"elementor-post-date\">\n\t\t\t30. April 2026\t\t<\/span>\n\t\t\t\t<\/div>\n\t\t\n\t\t<a class=\"elementor-post__read-more\" href=\"https:\/\/www.siggibecker.de\/noj923yeah\/2026\/04\/30\/revolutionaere-veraenderungen\/\" aria-label=\"Mehr \u00fcber Revolution\u00e4re Ver\u00e4nderungen\" tabindex=\"-1\" >\n\t\t\tWeiterlesen \u00bb\t\t<\/a>\n\n\t\t\t\t<\/div>\n\t\t\t\t<\/article>\n\t\t\t\t<article class=\"elementor-post elementor-grid-item post-2905 post type-post status-publish format-standard hentry category-allgemein tag-ai tag-kommunikation tag-pre-singularity\" role=\"listitem\">\n\t\t\t\t<div class=\"elementor-post__text\">\n\t\t\t\t<h3 class=\"elementor-post__title\">\n\t\t\t<a href=\"https:\/\/www.siggibecker.de\/noj923yeah\/2025\/12\/26\/das-schleichende-problem\/\" >\n\t\t\t\tDas schleichende Problem, von nun an\t\t\t<\/a>\n\t\t<\/h3>\n\t\t\t\t<div class=\"elementor-post__meta-data\">\n\t\t\t\t\t<span class=\"elementor-post-date\">\n\t\t\t26. Dezember 2025\t\t<\/span>\n\t\t\t\t<\/div>\n\t\t\n\t\t<a class=\"elementor-post__read-more\" href=\"https:\/\/www.siggibecker.de\/noj923yeah\/2025\/12\/26\/das-schleichende-problem\/\" aria-label=\"Mehr \u00fcber Das schleichende Problem, von nun an\" tabindex=\"-1\" >\n\t\t\tWeiterlesen \u00bb\t\t<\/a>\n\n\t\t\t\t<\/div>\n\t\t\t\t<\/article>\n\t\t\t\t<article class=\"elementor-post elementor-grid-item post-2895 post type-post status-publish format-standard hentry category-allgemein category-roam tag-beschleunigung tag-kommunikation tag-kontingenz tag-wavetank tag-zukunft\" role=\"listitem\">\n\t\t\t\t<div class=\"elementor-post__text\">\n\t\t\t\t<h3 class=\"elementor-post__title\">\n\t\t\t<a href=\"https:\/\/www.siggibecker.de\/noj923yeah\/2025\/11\/19\/differenzen-stueckeln-wavetank-2-9-2010\/\" >\n\t\t\t\tDifferenzen st\u00fcckeln &#8211; Wavetank &#8211; 2.9.2010\t\t\t<\/a>\n\t\t<\/h3>\n\t\t\t\t<div class=\"elementor-post__meta-data\">\n\t\t\t\t\t<span class=\"elementor-post-date\">\n\t\t\t19. November 2025\t\t<\/span>\n\t\t\t\t<\/div>\n\t\t\n\t\t<a class=\"elementor-post__read-more\" href=\"https:\/\/www.siggibecker.de\/noj923yeah\/2025\/11\/19\/differenzen-stueckeln-wavetank-2-9-2010\/\" aria-label=\"Mehr \u00fcber Differenzen st\u00fcckeln &#8211; Wavetank &#8211; 2.9.2010\" tabindex=\"-1\" >\n\t\t\tWeiterlesen \u00bb\t\t<\/a>\n\n\t\t\t\t<\/div>\n\t\t\t\t<\/article>\n\t\t\t\t<article class=\"elementor-post elementor-grid-item post-2885 post type-post status-publish format-standard hentry category-allgemein tag-ai tag-beschleunigung\" role=\"listitem\">\n\t\t\t\t<div class=\"elementor-post__text\">\n\t\t\t\t<h3 class=\"elementor-post__title\">\n\t\t\t<a href=\"https:\/\/www.siggibecker.de\/noj923yeah\/2025\/11\/13\/nachlese-1-wordpress-meetup-und-chatgpt-5-1\/\" >\n\t\t\t\tNachlese 1 &#8211; WordPress Meetup und ChatGPT 5.1\t\t\t<\/a>\n\t\t<\/h3>\n\t\t\t\t<div class=\"elementor-post__meta-data\">\n\t\t\t\t\t<span class=\"elementor-post-date\">\n\t\t\t13. November 2025\t\t<\/span>\n\t\t\t\t<\/div>\n\t\t\n\t\t<a class=\"elementor-post__read-more\" href=\"https:\/\/www.siggibecker.de\/noj923yeah\/2025\/11\/13\/nachlese-1-wordpress-meetup-und-chatgpt-5-1\/\" aria-label=\"Mehr \u00fcber Nachlese 1 &#8211; WordPress Meetup und ChatGPT 5.1\" tabindex=\"-1\" >\n\t\t\tWeiterlesen \u00bb\t\t<\/a>\n\n\t\t\t\t<\/div>\n\t\t\t\t<\/article>\n\t\t\t\t<article class=\"elementor-post elementor-grid-item post-2874 post type-post status-publish format-standard hentry category-roam tag-ai tag-kultur tag-schweigen tag-soziologie tag-tabus\" role=\"listitem\">\n\t\t\t\t<div class=\"elementor-post__text\">\n\t\t\t\t<h3 class=\"elementor-post__title\">\n\t\t\t<a href=\"https:\/\/www.siggibecker.de\/noj923yeah\/2025\/11\/11\/2874\/\" >\n\t\t\t\t\t\t\t<\/a>\n\t\t<\/h3>\n\t\t\t\t<div class=\"elementor-post__meta-data\">\n\t\t\t\t\t<span class=\"elementor-post-date\">\n\t\t\t11. November 2025\t\t<\/span>\n\t\t\t\t<\/div>\n\t\t\n\t\t<a class=\"elementor-post__read-more\" href=\"https:\/\/www.siggibecker.de\/noj923yeah\/2025\/11\/11\/2874\/\" aria-label=\"Mehr \u00fcber \" tabindex=\"-1\" >\n\t\t\tWeiterlesen \u00bb\t\t<\/a>\n\n\t\t\t\t<\/div>\n\t\t\t\t<\/article>\n\t\t\t\t<\/div>\n\t\t\n\t\t\t\t\t\t<\/div>\n\t\t\t\t<\/div>\n\t\t\t\t\t<\/div>\n\t\t<\/div>\n\t\t\t\t\t<\/div>\n\t\t<\/section>\n\t\t\t\t<\/div>\n\t\t","protected":false},"excerpt":{"rendered":"<p>Ich habe im Februar 2013 die Kommentare abgestellt. Begr\u00fcndung hier: Die Ver\u00e4nderung! Wer dennoch seine Tastatur bem\u00fchen m\u00f6chte, weil jemand in diesem Internet unrecht hat, m\u00f6ge das woanders tun (FB, G+, Twitter, Mail, etcpp) oder sogar im eigenen Blog eine verdammt ausget\u00fcftelte Replik komponieren. Wer zu all dem nicht in der Lage ist, sollte in<\/p>\n","protected":false},"author":1,"featured_media":0,"parent":0,"menu_order":0,"comment_status":"closed","ping_status":"open","template":"","meta":{"generate_page_header":"","footnotes":"","_wp_rev_ctl_limit":""},"class_list":["post-570","page","type-page","status-publish","hentry"],"_links":{"self":[{"href":"https:\/\/www.siggibecker.de\/noj923yeah\/wp-json\/wp\/v2\/pages\/570","targetHints":{"allow":["GET"]}}],"collection":[{"href":"https:\/\/www.siggibecker.de\/noj923yeah\/wp-json\/wp\/v2\/pages"}],"about":[{"href":"https:\/\/www.siggibecker.de\/noj923yeah\/wp-json\/wp\/v2\/types\/page"}],"author":[{"embeddable":true,"href":"https:\/\/www.siggibecker.de\/noj923yeah\/wp-json\/wp\/v2\/users\/1"}],"replies":[{"embeddable":true,"href":"https:\/\/www.siggibecker.de\/noj923yeah\/wp-json\/wp\/v2\/comments?post=570"}],"version-history":[{"count":7,"href":"https:\/\/www.siggibecker.de\/noj923yeah\/wp-json\/wp\/v2\/pages\/570\/revisions"}],"predecessor-version":[{"id":2521,"href":"https:\/\/www.siggibecker.de\/noj923yeah\/wp-json\/wp\/v2\/pages\/570\/revisions\/2521"}],"wp:attachment":[{"href":"https:\/\/www.siggibecker.de\/noj923yeah\/wp-json\/wp\/v2\/media?parent=570"}],"curies":[{"name":"wp","href":"https:\/\/api.w.org\/{rel}","templated":true}]}}